{"id":402,"date":"2025-01-31T12:03:49","date_gmt":"2025-01-31T12:03:49","guid":{"rendered":"https:\/\/familyhearingpr.com\/?page_id=402"},"modified":"2025-01-31T12:39:26","modified_gmt":"2025-01-31T12:39:26","slug":"contacto","status":"publish","type":"page","link":"https:\/\/familyhearingpr.com\/?page_id=402","title":{"rendered":"Contacto"},"content":{"rendered":"\t\t<div data-elementor-type=\"wp-page\" data-elementor-id=\"402\" class=\"elementor elementor-402\" data-elementor-settings=\"{&quot;ha_cmc_init_switcher&quot;:&quot;no&quot;}\">\n\t\t\t\t\t\t<section class=\"elementor-section elementor-top-section elementor-element elementor-element-d3bf54f elementor-section-height-min-height elementor-section-boxed elementor-section-height-default elementor-section-items-middle wpr-particle-no wpr-jarallax-no wpr-parallax-no wpr-sticky-section-no\" data-id=\"d3bf54f\" data-element_type=\"section\" data-settings=\"{&quot;background_background&quot;:&quot;classic&quot;,&quot;_ha_eqh_enable&quot;:false}\">\n\t\t\t\t\t\t\t<div class=\"elementor-background-overlay\"><\/div>\n\t\t\t\t\t\t\t<div class=\"elementor-container elementor-column-gap-default\">\n\t\t\t\t\t<div class=\"elementor-column elementor-col-100 elementor-top-column elementor-element elementor-element-7c32620\" data-id=\"7c32620\" data-element_type=\"column\">\n\t\t\t<div class=\"elementor-widget-wrap elementor-element-populated\">\n\t\t\t\t\t\t<div class=\"elementor-element elementor-element-bd7c2ac elementor-invisible elementor-widget elementor-widget-heading\" data-id=\"bd7c2ac\" data-element_type=\"widget\" data-settings=\"{&quot;_animation&quot;:&quot;fadeInDown&quot;}\" data-widget_type=\"heading.default\">\n\t\t\t\t\t<h1 class=\"elementor-heading-title elementor-size-default\">\u00a1Cont\u00e1ctenos hoy mismo! <\/h1>\t\t\t\t<\/div>\n\t\t\t\t<div class=\"elementor-element elementor-element-23481e7 elementor-invisible elementor-widget elementor-widget-heading\" data-id=\"23481e7\" data-element_type=\"widget\" data-settings=\"{&quot;_animation&quot;:&quot;fadeInDown&quot;}\" data-widget_type=\"heading.default\">\n\t\t\t\t\t<h2 class=\"elementor-heading-title elementor-size-default\">Family Hearing Centers<\/h2>\t\t\t\t<\/div>\n\t\t\t\t\t<\/div>\n\t\t<\/div>\n\t\t\t\t\t<\/div>\n\t\t<\/section>\n\t\t\t\t<section class=\"elementor-section elementor-top-section elementor-element elementor-element-ba38571 elementor-section-height-min-height elementor-section-content-middle elementor-section-boxed elementor-section-height-default elementor-section-items-middle wpr-particle-no wpr-jarallax-no wpr-parallax-no wpr-sticky-section-no\" data-id=\"ba38571\" data-element_type=\"section\" data-settings=\"{&quot;background_background&quot;:&quot;classic&quot;,&quot;_ha_eqh_enable&quot;:false}\">\n\t\t\t\t\t\t<div class=\"elementor-container elementor-column-gap-no\">\n\t\t\t\t\t<div class=\"elementor-column elementor-col-100 elementor-top-column elementor-element elementor-element-3b47e42\" data-id=\"3b47e42\" data-element_type=\"column\" data-settings=\"{&quot;background_background&quot;:&quot;classic&quot;}\">\n\t\t\t<div class=\"elementor-widget-wrap elementor-element-populated\">\n\t\t\t\t\t\t<section class=\"elementor-section elementor-inner-section elementor-element elementor-element-6c6defd elementor-section-boxed elementor-section-height-default elementor-section-height-default wpr-particle-no wpr-jarallax-no wpr-parallax-no wpr-sticky-section-no\" data-id=\"6c6defd\" data-element_type=\"section\" data-settings=\"{&quot;_ha_eqh_enable&quot;:false}\">\n\t\t\t\t\t\t<div class=\"elementor-container elementor-column-gap-no\">\n\t\t\t\t\t<div class=\"elementor-column elementor-col-50 elementor-inner-column elementor-element elementor-element-91256b8\" data-id=\"91256b8\" data-element_type=\"column\" data-settings=\"{&quot;background_background&quot;:&quot;classic&quot;,&quot;animation&quot;:&quot;none&quot;}\">\n\t\t\t<div class=\"elementor-widget-wrap elementor-element-populated\">\n\t\t\t\t\t\t<div class=\"elementor-element elementor-element-3d96358 elementor-invisible elementor-widget elementor-widget-heading\" data-id=\"3d96358\" data-element_type=\"widget\" data-settings=\"{&quot;_animation&quot;:&quot;fadeInDown&quot;}\" data-widget_type=\"heading.default\">\n\t\t\t\t\t<h3 class=\"elementor-heading-title elementor-size-default\">Escribe a nuestros expertos<\/h3>\t\t\t\t<\/div>\n\t\t\t\t<div class=\"elementor-element elementor-element-e3815c9 elementor-widget-divider--view-line elementor-widget elementor-widget-divider\" data-id=\"e3815c9\" data-element_type=\"widget\" data-widget_type=\"divider.default\">\n\t\t\t\t\t\t\t<div class=\"elementor-divider\">\n\t\t\t<span class=\"elementor-divider-separator\">\n\t\t\t\t\t\t<\/span>\n\t\t<\/div>\n\t\t\t\t\t\t<\/div>\n\t\t\t\t<div class=\"elementor-element elementor-element-030b1ab elementor-widget elementor-widget-ha-wpform happy-addon ha-wpform\" data-id=\"030b1ab\" data-element_type=\"widget\" data-widget_type=\"ha-wpform.default\">\n\t\t\t\t\t<div class=\"wpforms-container wpforms-container-full wpforms-render-modern\" id=\"wpforms-399\"><form id=\"wpforms-form-399\" class=\"wpforms-validate wpforms-form wpforms-ajax-form\" data-formid=\"399\" method=\"post\" enctype=\"multipart\/form-data\" action=\"\/index.php?rest_route=%2Fwp%2Fv2%2Fpages%2F402\" data-token=\"167bd4b822a4b91f181eecd7e85156eb\" data-token-time=\"1776501471\"><noscript class=\"wpforms-error-noscript\">Please enable JavaScript in your browser to complete this form.<\/noscript><div class=\"wpforms-hidden\" id=\"wpforms-error-noscript\">Please enable JavaScript in your browser to complete this form.<\/div><div class=\"wpforms-field-container\"><div id=\"wpforms-399-field_1-container\" class=\"wpforms-field wpforms-field-name\" data-field-id=\"1\"><label class=\"wpforms-field-label wpforms-label-hide\" for=\"wpforms-399-field_1\" aria-hidden=\"false\">Nombre <span class=\"wpforms-required-label\" aria-hidden=\"true\">*<\/span><\/label><input type=\"text\" id=\"wpforms-399-field_1\" class=\"wpforms-field-large wpforms-field-required\" name=\"wpforms[fields][1]\" placeholder=\"Nombre y Apellido\" aria-errormessage=\"wpforms-399-field_1-error\" required><\/div><div id=\"wpforms-399-field_4-container\" class=\"wpforms-field wpforms-field-phone\" data-field-id=\"4\"><label class=\"wpforms-field-label wpforms-label-hide\" for=\"wpforms-399-field_4\" aria-hidden=\"false\">Tel\u00e9fono<\/label><input type=\"tel\" id=\"wpforms-399-field_4\" class=\"wpforms-field-large\" data-rule-int-phone-field=\"true\" name=\"wpforms[fields][4]\" placeholder=\"Tel\u00e9fono\" aria-label=\"Tel\u00e9fono\" aria-errormessage=\"wpforms-399-field_4-error\" ><\/div><div id=\"wpforms-399-field_2-container\" class=\"wpforms-field wpforms-field-email\" data-field-id=\"2\"><label class=\"wpforms-field-label wpforms-label-hide\" for=\"wpforms-399-field_2\" aria-hidden=\"false\">Email <span class=\"wpforms-required-label\" aria-hidden=\"true\">*<\/span><\/label><input type=\"email\" id=\"wpforms-399-field_2\" class=\"wpforms-field-large wpforms-field-required\" name=\"wpforms[fields][2]\" placeholder=\"Email\" spellcheck=\"false\" aria-errormessage=\"wpforms-399-field_2-error\" required><\/div><div id=\"wpforms-399-field_3-container\" class=\"wpforms-field wpforms-field-textarea\" data-field-id=\"3\"><label class=\"wpforms-field-label wpforms-label-hide\" for=\"wpforms-399-field_3\" aria-hidden=\"false\">Mensaje<\/label><textarea id=\"wpforms-399-field_3\" class=\"wpforms-field-medium\" name=\"wpforms[fields][3]\" placeholder=\"Mensaje\" aria-errormessage=\"wpforms-399-field_3-error\" ><\/textarea><\/div><\/div><!-- .wpforms-field-container --><div class=\"wpforms-recaptcha-container wpforms-is-recaptcha wpforms-is-recaptcha-type-v3\" ><input type=\"hidden\" name=\"wpforms[recaptcha]\" value=\"\"><\/div><div class=\"wpforms-submit-container\" ><input type=\"hidden\" name=\"wpforms[id]\" value=\"399\"><input type=\"hidden\" name=\"page_title\" value=\"\"><input type=\"hidden\" name=\"page_url\" value=\"https:\/\/familyhearingpr.com\/index.php?rest_route=\/wp\/v2\/pages\/402\"><input type=\"hidden\" name=\"url_referer\" value=\"\"><button type=\"submit\" name=\"wpforms[submit]\" id=\"wpforms-submit-399\" class=\"wpforms-submit\" data-alt-text=\"Enviando...\" data-submit-text=\"Enviar\" aria-live=\"assertive\" value=\"wpforms-submit\">Enviar<\/button><img decoding=\"async\" src=\"https:\/\/familyhearingpr.com\/wp-content\/plugins\/wpforms\/assets\/images\/submit-spin.svg\" class=\"wpforms-submit-spinner\" style=\"display: none;\" width=\"26\" height=\"26\" alt=\"Loading\"><\/div><\/form><\/div>  <!-- .wpforms-container -->\t\t\t\t<\/div>\n\t\t\t\t\t<\/div>\n\t\t<\/div>\n\t\t\t\t<div class=\"elementor-column elementor-col-50 elementor-inner-column elementor-element elementor-element-6641354\" data-id=\"6641354\" data-element_type=\"column\" data-settings=\"{&quot;background_background&quot;:&quot;classic&quot;}\">\n\t\t\t<div class=\"elementor-widget-wrap elementor-element-populated\">\n\t\t\t\t\t\t<div class=\"elementor-element elementor-element-998cc85 elementor-widget elementor-widget-google_maps\" data-id=\"998cc85\" data-element_type=\"widget\" data-widget_type=\"google_maps.default\">\n\t\t\t\t\t\t\t<div class=\"elementor-custom-embed\">\n\t\t\t<iframe loading=\"lazy\"\n\t\t\t\t\tsrc=\"https:\/\/maps.google.com\/maps?q=Family%20Hearing%20Centers%20%2F%20Dr.%20Rafael%20A.%20Crespo%20Cruz%20%2F%20Dra.%20Mayra%20J.%20Burgos%20Rodr%C3%ADguez&#038;t=m&#038;z=10&#038;output=embed&#038;iwloc=near\"\n\t\t\t\t\ttitle=\"Family Hearing Centers \/ Dr. Rafael A. Crespo Cruz \/ Dra. Mayra J. Burgos Rodr\u00edguez\"\n\t\t\t\t\taria-label=\"Family Hearing Centers \/ Dr. Rafael A. Crespo Cruz \/ Dra. Mayra J. Burgos Rodr\u00edguez\"\n\t\t\t><\/iframe>\n\t\t<\/div>\n\t\t\t\t\t\t<\/div>\n\t\t\t\t\t<\/div>\n\t\t<\/div>\n\t\t\t\t\t<\/div>\n\t\t<\/section>\n\t\t\t\t\t<\/div>\n\t\t<\/div>\n\t\t\t\t\t<\/div>\n\t\t<\/section>\n\t\t\t\t<\/div>\n\t\t","protected":false},"excerpt":{"rendered":"<p>\u00a1Cont\u00e1ctenos hoy mismo! Family Hearing Centers Escribe a nuestros expertos Please enable JavaScript in your browser to complete this form.Please enable JavaScript in your browser to complete this form.Nombre *Tel\u00e9fono Email *Mensaje Enviar<\/p>\n","protected":false},"author":2,"featured_media":40,"parent":0,"menu_order":0,"comment_status":"closed","ping_status":"closed","template":"elementor_header_footer","meta":{"footnotes":""},"class_list":["post-402","page","type-page","status-publish","has-post-thumbnail","hentry"],"yoast_head":"<!-- This site is optimized with the Yoast SEO plugin v24.5 - https:\/\/yoast.com\/wordpress\/plugins\/seo\/ -->\n<title>Centro Auditivo en Puerto Rico | Family Hearing Centers | Ponce PR<\/title>\n<meta name=\"description\" content=\"Recupera tu audici\u00f3n con Family Hearing Centers, especialistas en salud auditiva en Puerto Rico. Pruebas de audici\u00f3n, aud\u00edfonos y tratamiento para v\u00e9rtigo en Ponce y Yauco.\" \/>\n<meta name=\"robots\" content=\"index, follow, max-snippet:-1, max-image-preview:large, max-video-preview:-1\" \/>\n<link rel=\"canonical\" href=\"https:\/\/familyhearingpr.com\/?page_id=402\" \/>\n<meta property=\"og:locale\" content=\"en_US\" \/>\n<meta property=\"og:type\" content=\"article\" \/>\n<meta property=\"og:title\" content=\"Centro Auditivo en Puerto Rico | Family Hearing Centers | Ponce PR\" \/>\n<meta property=\"og:description\" content=\"Recupera tu audici\u00f3n con Family Hearing Centers, especialistas en salud auditiva en Puerto Rico. Pruebas de audici\u00f3n, aud\u00edfonos y tratamiento para v\u00e9rtigo en Ponce y Yauco.\" \/>\n<meta property=\"og:url\" content=\"https:\/\/familyhearingpr.com\/?page_id=402\" \/>\n<meta property=\"og:site_name\" content=\"Family Hearing Centers\" \/>\n<meta property=\"article:modified_time\" content=\"2025-01-31T12:39:26+00:00\" \/>\n<meta property=\"og:image\" content=\"https:\/\/familyhearingpr.com\/wp-content\/uploads\/2025\/01\/logo-16.png\" \/>\n\t<meta property=\"og:image:width\" content=\"300\" \/>\n\t<meta property=\"og:image:height\" content=\"142\" \/>\n\t<meta property=\"og:image:type\" content=\"image\/png\" \/>\n<meta name=\"twitter:card\" content=\"summary_large_image\" \/>\n<meta name=\"twitter:title\" content=\"Centro Auditivo en Puerto Rico | Family Hearing Centers | Ponce PR\" \/>\n<meta name=\"twitter:description\" content=\"Recupera tu audici\u00f3n con Family Hearing Centers, especialistas en salud auditiva en Puerto Rico. Pruebas de audici\u00f3n, aud\u00edfonos y tratamiento para v\u00e9rtigo en Ponce y Yauco.\" \/>\n<meta name=\"twitter:image\" content=\"https:\/\/familyhearingpr.com\/wp-content\/uploads\/2025\/01\/logo-16.png\" \/>\n<meta name=\"twitter:label1\" content=\"Est. reading time\" \/>\n\t<meta name=\"twitter:data1\" content=\"1 minute\" \/>\n<script type=\"application\/ld+json\" class=\"yoast-schema-graph\">{\"@context\":\"https:\/\/schema.org\",\"@graph\":[{\"@type\":\"WebPage\",\"@id\":\"https:\/\/familyhearingpr.com\/?page_id=402\",\"url\":\"https:\/\/familyhearingpr.com\/?page_id=402\",\"name\":\"Centro Auditivo en Puerto Rico | Family Hearing Centers | Ponce PR\",\"isPartOf\":{\"@id\":\"https:\/\/familyhearingpr.com\/#website\"},\"primaryImageOfPage\":{\"@id\":\"https:\/\/familyhearingpr.com\/?page_id=402#primaryimage\"},\"image\":{\"@id\":\"https:\/\/familyhearingpr.com\/?page_id=402#primaryimage\"},\"thumbnailUrl\":\"https:\/\/familyhearingpr.com\/wp-content\/uploads\/2025\/01\/logo-16.png\",\"datePublished\":\"2025-01-31T12:03:49+00:00\",\"dateModified\":\"2025-01-31T12:39:26+00:00\",\"description\":\"Recupera tu audici\u00f3n con Family Hearing Centers, especialistas en salud auditiva en Puerto Rico. Pruebas de audici\u00f3n, aud\u00edfonos y tratamiento para v\u00e9rtigo en Ponce y Yauco.\",\"breadcrumb\":{\"@id\":\"https:\/\/familyhearingpr.com\/?page_id=402#breadcrumb\"},\"inLanguage\":\"en-US\",\"potentialAction\":[{\"@type\":\"ReadAction\",\"target\":[\"https:\/\/familyhearingpr.com\/?page_id=402\"]}]},{\"@type\":\"ImageObject\",\"inLanguage\":\"en-US\",\"@id\":\"https:\/\/familyhearingpr.com\/?page_id=402#primaryimage\",\"url\":\"https:\/\/familyhearingpr.com\/wp-content\/uploads\/2025\/01\/logo-16.png\",\"contentUrl\":\"https:\/\/familyhearingpr.com\/wp-content\/uploads\/2025\/01\/logo-16.png\",\"width\":300,\"height\":142,\"caption\":\"Family Hearing Centers-logo\"},{\"@type\":\"BreadcrumbList\",\"@id\":\"https:\/\/familyhearingpr.com\/?page_id=402#breadcrumb\",\"itemListElement\":[{\"@type\":\"ListItem\",\"position\":1,\"name\":\"Home\",\"item\":\"https:\/\/familyhearingpr.com\/\"},{\"@type\":\"ListItem\",\"position\":2,\"name\":\"Contacto\"}]},{\"@type\":\"WebSite\",\"@id\":\"https:\/\/familyhearingpr.com\/#website\",\"url\":\"https:\/\/familyhearingpr.com\/\",\"name\":\"Family Hearing Centers\",\"description\":\"Centro auditivo\",\"publisher\":{\"@id\":\"https:\/\/familyhearingpr.com\/#organization\"},\"potentialAction\":[{\"@type\":\"SearchAction\",\"target\":{\"@type\":\"EntryPoint\",\"urlTemplate\":\"https:\/\/familyhearingpr.com\/?s={search_term_string}\"},\"query-input\":{\"@type\":\"PropertyValueSpecification\",\"valueRequired\":true,\"valueName\":\"search_term_string\"}}],\"inLanguage\":\"en-US\"},{\"@type\":\"Organization\",\"@id\":\"https:\/\/familyhearingpr.com\/#organization\",\"name\":\"Family Hearing Centers\",\"url\":\"https:\/\/familyhearingpr.com\/\",\"logo\":{\"@type\":\"ImageObject\",\"inLanguage\":\"en-US\",\"@id\":\"https:\/\/familyhearingpr.com\/#\/schema\/logo\/image\/\",\"url\":\"https:\/\/familyhearingpr.com\/wp-content\/uploads\/2025\/01\/logo-16.png\",\"contentUrl\":\"https:\/\/familyhearingpr.com\/wp-content\/uploads\/2025\/01\/logo-16.png\",\"width\":300,\"height\":142,\"caption\":\"Family Hearing Centers\"},\"image\":{\"@id\":\"https:\/\/familyhearingpr.com\/#\/schema\/logo\/image\/\"}}]}<\/script>\n<!-- \/ Yoast SEO plugin. -->","yoast_head_json":{"title":"Centro Auditivo en Puerto Rico | Family Hearing Centers | Ponce PR","description":"Recupera tu audici\u00f3n con Family Hearing Centers, especialistas en salud auditiva en Puerto Rico. Pruebas de audici\u00f3n, aud\u00edfonos y tratamiento para v\u00e9rtigo en Ponce y Yauco.","robots":{"index":"index","follow":"follow","max-snippet":"max-snippet:-1","max-image-preview":"max-image-preview:large","max-video-preview":"max-video-preview:-1"},"canonical":"https:\/\/familyhearingpr.com\/?page_id=402","og_locale":"en_US","og_type":"article","og_title":"Centro Auditivo en Puerto Rico | Family Hearing Centers | Ponce PR","og_description":"Recupera tu audici\u00f3n con Family Hearing Centers, especialistas en salud auditiva en Puerto Rico. Pruebas de audici\u00f3n, aud\u00edfonos y tratamiento para v\u00e9rtigo en Ponce y Yauco.","og_url":"https:\/\/familyhearingpr.com\/?page_id=402","og_site_name":"Family Hearing Centers","article_modified_time":"2025-01-31T12:39:26+00:00","og_image":[{"width":300,"height":142,"url":"https:\/\/familyhearingpr.com\/wp-content\/uploads\/2025\/01\/logo-16.png","type":"image\/png"}],"twitter_card":"summary_large_image","twitter_title":"Centro Auditivo en Puerto Rico | Family Hearing Centers | Ponce PR","twitter_description":"Recupera tu audici\u00f3n con Family Hearing Centers, especialistas en salud auditiva en Puerto Rico. Pruebas de audici\u00f3n, aud\u00edfonos y tratamiento para v\u00e9rtigo en Ponce y Yauco.","twitter_image":"https:\/\/familyhearingpr.com\/wp-content\/uploads\/2025\/01\/logo-16.png","twitter_misc":{"Est. reading time":"1 minute"},"schema":{"@context":"https:\/\/schema.org","@graph":[{"@type":"WebPage","@id":"https:\/\/familyhearingpr.com\/?page_id=402","url":"https:\/\/familyhearingpr.com\/?page_id=402","name":"Centro Auditivo en Puerto Rico | Family Hearing Centers | Ponce PR","isPartOf":{"@id":"https:\/\/familyhearingpr.com\/#website"},"primaryImageOfPage":{"@id":"https:\/\/familyhearingpr.com\/?page_id=402#primaryimage"},"image":{"@id":"https:\/\/familyhearingpr.com\/?page_id=402#primaryimage"},"thumbnailUrl":"https:\/\/familyhearingpr.com\/wp-content\/uploads\/2025\/01\/logo-16.png","datePublished":"2025-01-31T12:03:49+00:00","dateModified":"2025-01-31T12:39:26+00:00","description":"Recupera tu audici\u00f3n con Family Hearing Centers, especialistas en salud auditiva en Puerto Rico. Pruebas de audici\u00f3n, aud\u00edfonos y tratamiento para v\u00e9rtigo en Ponce y Yauco.","breadcrumb":{"@id":"https:\/\/familyhearingpr.com\/?page_id=402#breadcrumb"},"inLanguage":"en-US","potentialAction":[{"@type":"ReadAction","target":["https:\/\/familyhearingpr.com\/?page_id=402"]}]},{"@type":"ImageObject","inLanguage":"en-US","@id":"https:\/\/familyhearingpr.com\/?page_id=402#primaryimage","url":"https:\/\/familyhearingpr.com\/wp-content\/uploads\/2025\/01\/logo-16.png","contentUrl":"https:\/\/familyhearingpr.com\/wp-content\/uploads\/2025\/01\/logo-16.png","width":300,"height":142,"caption":"Family Hearing Centers-logo"},{"@type":"BreadcrumbList","@id":"https:\/\/familyhearingpr.com\/?page_id=402#breadcrumb","itemListElement":[{"@type":"ListItem","position":1,"name":"Home","item":"https:\/\/familyhearingpr.com\/"},{"@type":"ListItem","position":2,"name":"Contacto"}]},{"@type":"WebSite","@id":"https:\/\/familyhearingpr.com\/#website","url":"https:\/\/familyhearingpr.com\/","name":"Family Hearing Centers","description":"Centro auditivo","publisher":{"@id":"https:\/\/familyhearingpr.com\/#organization"},"potentialAction":[{"@type":"SearchAction","target":{"@type":"EntryPoint","urlTemplate":"https:\/\/familyhearingpr.com\/?s={search_term_string}"},"query-input":{"@type":"PropertyValueSpecification","valueRequired":true,"valueName":"search_term_string"}}],"inLanguage":"en-US"},{"@type":"Organization","@id":"https:\/\/familyhearingpr.com\/#organization","name":"Family Hearing Centers","url":"https:\/\/familyhearingpr.com\/","logo":{"@type":"ImageObject","inLanguage":"en-US","@id":"https:\/\/familyhearingpr.com\/#\/schema\/logo\/image\/","url":"https:\/\/familyhearingpr.com\/wp-content\/uploads\/2025\/01\/logo-16.png","contentUrl":"https:\/\/familyhearingpr.com\/wp-content\/uploads\/2025\/01\/logo-16.png","width":300,"height":142,"caption":"Family Hearing Centers"},"image":{"@id":"https:\/\/familyhearingpr.com\/#\/schema\/logo\/image\/"}}]}},"_links":{"self":[{"href":"https:\/\/familyhearingpr.com\/index.php?rest_route=\/wp\/v2\/pages\/402","targetHints":{"allow":["GET"]}}],"collection":[{"href":"https:\/\/familyhearingpr.com\/index.php?rest_route=\/wp\/v2\/pages"}],"about":[{"href":"https:\/\/familyhearingpr.com\/index.php?rest_route=\/wp\/v2\/types\/page"}],"author":[{"embeddable":true,"href":"https:\/\/familyhearingpr.com\/index.php?rest_route=\/wp\/v2\/users\/2"}],"replies":[{"embeddable":true,"href":"https:\/\/familyhearingpr.com\/index.php?rest_route=%2Fwp%2Fv2%2Fcomments&post=402"}],"version-history":[{"count":46,"href":"https:\/\/familyhearingpr.com\/index.php?rest_route=\/wp\/v2\/pages\/402\/revisions"}],"predecessor-version":[{"id":486,"href":"https:\/\/familyhearingpr.com\/index.php?rest_route=\/wp\/v2\/pages\/402\/revisions\/486"}],"wp:featuredmedia":[{"embeddable":true,"href":"https:\/\/familyhearingpr.com\/index.php?rest_route=\/wp\/v2\/media\/40"}],"wp:attachment":[{"href":"https:\/\/familyhearingpr.com\/index.php?rest_route=%2Fwp%2Fv2%2Fmedia&parent=402"}],"curies":[{"name":"wp","href":"https:\/\/api.w.org\/{rel}","templated":true}]}}